a composite number?
True
Is 152183 composite?
False
Is 58079 composite?
True
Is 497 a prime number?
False
Is 13381 a prime number?
True
Is 16319 a composite number?
False
Is 143383 a prime number?
False
Is 1979 prime?
True
Is 17709 a prime number?
False
Is 2369 a composite number?
True
Is 292033 prime?
False
Is 39821 a composite number?
False
Is 2603 a prime number?
False
Is 483031 a prime number?
True
Is 52513 prime?
False
Is 8301 a prime number?
False
Is 45403 prime?
True
Is 216289 a prime number?
True
Is 2333 a composite number?
False
Is 3691 a composite number?
False
Is 43853 a composite number?
False
Is 89221 a composite number?
True
Is 33247 a composite number?
False
Is 1538321 composite?
False
Is 20671 a composite number?
True
Is 175511 a composite number?
True
Is 103921 a composite number?
True
Is 38053 prime?
True
Is 2845 composite?
True
Is 5261 a composite number?
False
Is 59 a prime number?
True
Is 3389 composite?
False
Is 107171 a composite number?
False
Is 514979 prime?
False
Is 747557 prime?
True
Is 266743 a composite number?
True
Is 7489433 a composite number?
True
Is 8641 prime?
True
Is 124393 a composite number?
True
Is 3755 a prime number?
False
Is 86107 prime?
False
Is 898 composite?
True
Is 47065 composite?
True
Is 68863 prime?
True
Is 1644491 a composite number?
False
Is 11777 a prime number?
True
Is 2611 a prime number?
False
Is 9643 a prime number?
True
Is 153509 a composite number?
False
Is 4783 prime?
True
Is 319 a prime number?
False
Is 911 composite?
False
Is 90437 a prime number?
True
Is 362527 prime?
False
Is 4117 composite?
True
Is 336967 prime?
False
Is 2579 a composite number?
False
Is 8579 composite?
True
Is 426253 a prime number?
True
Is 5045 a composite number?
True
Is 164173 a prime number?
True
Is 258938 a prime number?
False
Is 11863 a prime number?
True
Is 225217 prime?
True
Is 733351 prime?
True
Is 119159 prime?
True
Is 107701 composite?
True
Is 602513 a prime number?
True
Is 517 composite?
True
Is 39359 prime?
True
Is 26563 a composite number?
True
Is 416938 prime?
False
Is 14369 a composite number?
False
Is 13479 a prime number?
False
Is 168427 a prime number?
False
Is 6947 composite?
False
Is 778307 a composite number?
False
Is 170179 composite?
False
Is 19373 a composite number?
False
Is 14963 composite?
True
Is 926297 a composite number?
True
Is 25009 composite?
True
Is 463627 a prime number?
True
Is 9863 a prime number?
False
Is 142733 a prime number?
True
Is 168443 composite?
True
Is 822881 prime?
True
Is 9196229 a composite number?
True
Is 145 prime?
False
Is 7177 prime?
True
Is 22105 a prime number?
False
Is 3209 prime?
True
Is 859 a composite number?
False
Is 659609 a prime number?
True
Is 742193 a composite number?
False
Is 443449 a composite number?
True
Is 114419 composite?
False
Is 571597 a prime number?
False
Is 40739 composite?
False
Is 27479 a prime number?
True
Is 138371 a prime number?
True
Is 60859 prime?
True
Is 42557 a prime number?
True
Is 318377 a prime number?
True
Is 9127 a composite number?
False
Is 2154113 composite?
True
Is 115963 prime?
True
Is 3973 prime?
False
Is 1184587 a prime number?
True
Is 5833 a prime number?
False
Is 342655 composite?
True
Is 153739 composite?
False
Is 1973 prime?
True
Is 276079 a composite number?
False
Is 4201 a prime number?
True
Is 434743 a composite number?
False
Is 213 composite?
True
Is 491 prime?
True
Is 14479 composite?
False
Is 11962 a prime number?
False
Is 12149 a composite number?
False
Is 316067 composite?
False
Is 413167 composite?
False
Is 138053 composite?
False
Is 1193 prime?
True
Is 1109 prime?
True
Is 73939 composite?
False
Is 67547 a composite number?
False
Is 204959 a composite number?
True
Is 8933 prime?
True
Is 59467 composite?
False
Is 41281 a composite number?
False
Is 2313461 composite?
False
Is 69815 a prime number?
False
Is 156901 a composite number?
False
Is 11239 composite?
False
Is 31847 a composite number?
False
Is 381343 a composite number?
False
Is 426453 a prime number?
False
Is 33853 composite?
True
Is 474433 a composite number?
False
Is 286153 prime?
False
Is 36731 composite?
True
Is 370191 composite?
True
Is 26819 a composite number?
True
Is 18007 a prime number?
False
Is 7666 a composite number?
True
Is 9113 a composite number?
True
Is 69191 a composite number?
False
Is 39191 prime?
True
Is 2839 a composite number?
True
Is 1291877 a composite number?
False
Is 72241 a prime number?
False
Is 21647 prime?
True
Is 47939 composite?
False
Is 18229 composite?
False
Is 13217 a prime number?
True
Is 755551 composite?
False
Is 20021 prime?
True
Is 78271 prime?
False
Is 705389 prime?
True
Is 30143 a composite number?
True
Is 5585 prime?
False
Is 178831 a prime number?
True
Is 30577 a prime number?
True
Is 122377 composite?
True
Is 58601 prime?
True
Is 2767 a prime number?
True
Is 1657 a composite number?
False
Is 2930551 prime?
False
Is 920603 prime?
False
Is 38069 prime?
True
Is 18637 prime?
True
Is 67247 a composite number?
False
Is 14173 a prime number?
True
Is 6689 a composite number?
False
Is 748921 a prime number?
True
Is 27309 prime?
False
Is 33083 a prime number?
True
Is 9793 a prime number?
False
Is 63263 prime?
False
Is 1259 composite?
False
Is 455093 prime?
True
Is 5245 prime?
False
Is 16871 prime?
True
Is 94883 a composite number?
True
Is 5911 a prime number?
False
Is 40009 a composite number?
False
Is 120457 composite?
True
Is 25709 a composite number?
True
Is 298853 a composite number?
False
Is 3491 prime?
True
Is 693019 prime?
True
Is 319 composite?
True
Is 2094569 a composite number?
False
Is 742933 prime?
False
Is 194471 composite?
False
Is 1069171 a composite number?
False
Is 52133 a prime number?
False
Is 154463 composite?
True
Is 171415 a prime number?
False
Is 501709 a prime number?
False
Is 32641 prime?
False
Is 3062 a prime number?
False
Is 11015 a composite number?
True
Is 28639 prime?
False
Is 8779 prime?
True
Is 607231 composite?
True
Is 2782691 a prime number?
True
Is 19589 a composite number?
True
Is 65203 prime?
True
Is 6739 composite?
True
Is 17007 a prime number?
False
Is 175811 prime?
True
Is 42853 a prime number?
True
Is 21849 composite?
True
Is 70753 prime?
True
Is 387037 a prime number?
False
Is 25195 prime?
False
Is 12147 a composite number?
True
Is 101267 a prime number?
True
Is 403 a prime number?
False
Is 354139 a composite number?
False
Is 685 a composite number?
True
Is 551423 composite?
False
Is 1439 prime?
True
Is 125737 prime?
True
Is 880615 composite?
True
Is 126733 composite?
False
Is 132019 a composite number?
False
Is 452779 a composite number?
True
Is 135533 prime?
True
Is 62683 composite?
False
Is 583657 prime?
True
Is 2539 prime?
True
Is 4591 prime?
True
Is 2461 a prime number?
False
Is 752253 a composite number?
True
Is 580793 prime?
True
Is 34909 a composite number?
True
Is 17213 a composite number?
True
Is 866573 a prime number?
True
Is 258871 a composite number?
False
Is 122753 composite?
False
Is 1159049 composite?
False
Is 55579 composite?
False
Is 42737 composite?
False
Is 4127 prime?
True
Is 9871 a prime number?
True
Is 81394 prime?
False
Is 1781 a prime number?
False
Is 907957 a composite number?
False
Is 997 a composite number?
False
Is 1296551 prime?
True
Is 20891 a composite number?
True
Is 3409 a composite number?
True
Is 401 prime?
True
Is 193423 a prime number?
True
Is 2449 composite?
True
Is 19661 composite?
False
Is 115421 a composite number?
False
Is 23773 a prime number?
True
Is 116211 composite?
True
Is 20593 a composite number?
False
Is 897317 a composite number?
False
Is 132001 prime?
True
Is 3691 composite?
False
Is 104459 composite?
False
Is 35566 a prime number?
False
Is 1673 prime?
False
Is 134833 a prime number?
False
Is 111421 prime?
False
Is 719333 composite?
False
Is 72022 a composite number?
True
Is 180305 composite?
True
Is 37129 a prime number?
False
Is 758311 composite?
True
Is 1319347 composite?
True
Is 142151 composite?
False
Is 79967 composite?
False
Is 61949 prime?
True
Is 6973 prime?
False
Is 24733 composite?
False
Is 87767 prime?
True
Is 7241 composite?
True
Is 13063 composite?
False
Is 102929 composite?
False
Is 22909 a composite number?
True
Is 113957 prime?
True
Is 781 a prime number?
False
Is 111409 a composite number?
Fal